t b be z(5). Suppose -19 + 79 = b*h. What is the greatest common divisor of 96 and h?
12
Let g(j) = 2*j**2 + 5*j + 31. Let f be g(9). What is the greatest common factor of f and 14?
14
Suppose b + 1 = -2*m, -3*b - 2*m + 4 = -5. Suppose 54 = -b*n + 7*n. Calculate the greatest common factor of n and 9.
9
Let f(z) = 3*z**3 - z**2 - z + 1. Let l be f(1). Let j be l + (11 - 0 - 1). Calculate the highest common divisor of j and 48.
12
Suppose 3*h - 4*y - 8 = 0, h + 3*y - 8 = -y. Suppose h*s = -s + 10. Let p be (-4)/22 - (-456)/209. Calculate the highest common factor of s and p.
2
Suppose -54 - 180 = -2*u. Let j = 0 + -2. Let i be ((-8)/(-2))/j - -15. What is the highest common divisor of i and u?
13
Suppose -5*j = 67 - 192. Suppose -4*y + 76 = -4*t, 5*t + j = 5. Let x be y/21 + (-4)/(-14). Calculate the highest common divisor of 8 and x.
1
Let y be 200/20 - (1 - 2). Let m(k) = 7*k**2 + 2*k + 1. Let l be m(4). Calculate the greatest common factor of l and y.
11
Let y(v) = -v**2 + 2*v + 2. Let n be y(2). Suppose -4*s - 4*q = -68, s - 2 - 19 = -n*q. Calculate the highest common divisor of 13 and s.
13
Suppose -6 = -3*o, r - 5*r + 56 = -4*o. Calculate the highest common factor of 48 and r.
16
Let w be -3 + 4 + -1 + 33. What is the highest common factor of w and 264?
33
Suppose 3*n = -m + 57, -2 = 2*n - 0. Calculate the greatest common divisor of m and 15.
15
Let v(r) = r**2 + 11*r + 12. Let j be v(-10). Suppose -82 = -j*d + 3*d. Let z be d/(-1 + -1) - -1. Calculate the highest common factor of 28 and z.
14
Let j(g) = g**2 + 3*g + 4. Let a be j(-3). Suppose 2*t = 4*t - 3*i - 8, a*t - 16 = -5*i. Calculate the highest common divisor of 32 and t.
4
Let g be ((-8)/12)/((-4)/174). Calculate the highest common factor of 174 and g.
29
Let a(m) = -m**2 - 3*m + 8. Let b be a(-4). Calculate the highest common factor of b and 12.
4
Let m be (-1)/((2 + -1)/(-6)). Suppose 4*o - 8 = -u - 5, o = -2*u + 6. Suppose -2*b + 120 = u*b. Calculate the greatest common divisor of b and m.
6
Let n be 12/4 - 2 - -87. Calculate the highest common divisor of n and 11.
11
Suppose 11*d - 5*b = 13*d - 31, -5*b = 5. Let r(a) = a**3 + 2*a**2 - 2*a + 1. Let z be r(1). Calculate the highest common factor of d and z.
2
Suppose -9*u + 28 = -8*u. Let p = -199 + 395. What is the highest common divisor of p and u?
28
Suppose 0 = 5*f + 4 - 14. Calculate the greatest common divisor of 8 and f.
2
Let o(g) = -2*g - 2. Let b be o(-3). Calculate the highest common factor of b and 2.
2
Suppose -w + 18 = 4*j, 4*w + 5*j - 52 = 20. Calculate the highest common divisor of w and 2.
2
Let t be -4 + (-64)/(-4) + -4. Calculate the greatest common divisor of 32 and t.
8
Suppose -3*y = -10 - 5. Suppose -4*t - 169 = y*w - 925, -2*t = 3*w - 380. What is the highest common divisor of 23 and t?
23
Suppose 0 = -4*u + 30 - 10. Calculate the greatest common divisor of 55 and u.
5
Let a = 34 + -18. Suppose 5*c - 5*r = -r + 248, -4*c + 3*r = -198. What is the highest common factor of c and a?
16
Suppose -5*i + 17 = 2*k - 3*k, 4*k = 4*i - 20. What is the greatest common divisor of 6 and i?
3
Let w(j) be the third derivative of j**5/20 - j**4/8 + j**2. Let q be w(-3). Let o = 40 - 28. Calculate the greatest common divisor of o and q.
12
Let x be (-39)/(-12) + 3/(-12). Suppose -x*k + 204 = 3*v, -4*k + 3*k = -5*v + 310. Calculate the highest common factor of 7 and v.
7
Suppose 2*x + 5*h = 31, x + 4*h = 4*x - 58. Let m(g) = g**2 + 10*g - 47. Let f be m(4). What is the highest common factor of x and f?
9
Suppose 736 = 4*f + 260. What is the greatest common factor of 17 and f?
17
Let b(x) = x**2 - 11*x - 58. Let l be b(21). What is the greatest common factor of l and 19?
19
Suppose -g - 4*l = -3*g + 88, l + 162 = 4*g. Suppose -2*s - 4*y = -8, 5*s - 3*y - 34 = -6*y. Calculate the highest common divisor of g and s.
8
Suppose -2*f + 0*h = -2*h - 14, -3*h = -3. What is the greatest common divisor of f and 152?
8
Let m(p) = p**3 - 6*p**2 - p + 6. Let h be m(6). Suppose h = g - 2*g + 110. Suppose -d = -6*d + 50. What is the highest common factor of g and d?
10
Suppose 3*j + 42 = 276. Calculate the highest common divisor of 52 and j.
26
Suppose -5*h - 47 = -4*f, 4 = f - 2*h - 4. What is the greatest common factor of 2 and f?
2
Suppose -2*w = -5*s - 3 + 20, 2*s - 11 = 5*w. Let m be 9/2*(w - -3). What is the greatest common divisor of 18 and m?
9
Let r be ((-1059)/6)/(1/(-2)). Suppose -r = -3*n - 5*d, 5*d + 129 = n - 22. Calculate the greatest common factor of n and 18.
18
Let p = 0 - 7. Let q = 34 + p. Calculate the greatest common divisor of 9 and q.
9
Let r be (-2)/((-2)/(-5) - 624/1485). What is the highest common factor of r and 9?
9
Let u = 10 - 6. Let n be u/4*(-98)/(-2). Let i be 61/9 - (-2)/9. What is the highest common divisor of i and n?
7
Let d be 46/6 + (-3)/(-9). What is the greatest common factor of 16 and d?
8
Let r = -178 - -313. Suppose 12 = g + 3*g, 3*o = g + 144. Suppose -3*n = 2*x - o, 4*x - 10 + 2 = 0. Calculate the highest common factor of r and n.
15
Let x be (-12)/((0 + 3)/(4 - 6)). What is the greatest common factor of 4 and x?
4
Suppose 29 = 4*w + 1. Let h(z) = z**3 - 3*z**2 + 5*z + 2. Let n be h(5). Calculate the greatest common divisor of w and n.
7
Let j(c) = 70*c - 12. Let r be j(3). What is the greatest common factor of r and 36?
18
Suppose 72 = -8*s + 14*s. Let d(l) = l**2 - 7*l + 9. Let w be d(6). Suppose -w*r = -4*r + 36. Calculate the greatest common factor of r and s.
12
Suppose 5*j = 4*j. Suppose 4*t - t = j. Suppose 201 = 2*n + 3*m, -5*n - m + 4*m + 555 = t. Calculate the highest common divisor of n and 12.
12
Let i be 166 + 0 + -1 + 0. What is the highest common divisor of i and 15?
15
Let g(x) = -10*x - 3. Let y be g(-3). Let i be -3 + (8 - 1) + -1. What is the greatest common divisor of y and i?
3
Let k be -13 - (-2 - (-3 + 2)). Let u = 2 - k. Calculate the highest common factor of 140 and u.
14
Suppose 4 = -3*z + 10, -5*z + 85 = 5*m. What is the highest common factor of m and 120?
15
Let u = 4 + -4. Suppose -a + 0*a + 17 = u. What is the highest common divisor of a and 51?
17
Let y(j) = -j**2 + 6*j. Let r be y(6). Suppose -h + k + 1 = -r, 0 = 5*h + k - 23. What is the greatest common divisor of h and 32?
4
Suppose 0 = 5*d + 2*i - 15 - 43, -3*i = 2*d - 32. What is the highest common divisor of 10 and d?
10
Suppose 4*g - 84 = -3*h, -2*g - 3*g - 5*h + 100 = 0. Calculate the greatest common divisor of g and 84.
12
Suppose 0 = -p + 2*p - 5. Suppose -p*s = -3*o - 54, 38 = 2*s + s + o. Calculate the greatest common factor of 4 and s.
4
Let h be (-226)/(-10) - 27/45. Suppose 3*g - 18 - 15 = 0. Calculate the greatest common divisor of h and g.
11
Let k be (-12)/(-6)*14/4. Calculate the greatest common divisor of k and 7.
7
Suppose -2*l = -l. Suppose 8*h - 4*h - 4 = l. Let q be (h - (-9)/(-6))*-22. Calculate the greatest common factor of 99 and q.
11
Let o be (-224)/(-21)*(3 + 0). Suppose -22 = -3*n + o. What is the greatest common factor of 18 and n?
18
Let o = 36 + 13. Suppose 10*v = -13 + 83. Calculate the highest common factor of v and o.
7
Suppose 0 = 6*r - 399 - 249. What is the greatest common divisor of r and 12?
12
Let k be (4/3)/(1/(-21)). Let g be k/(15/21 - 1). Let d = 34 + -20. Calculate the greatest common divisor of g and d.
14
Let l be (-1)/(76/(-24) - -3). Suppose -l*k + 49 + 149 = 0. What is the greatest common factor of k and 22?
11
Let d(i) = i**2 - 11*i + 29. Let y be d(4). What is the greatest common factor of 29 and y?
1
Let q = 11 + -8. Let b be (6/4)/(q/4). Let f(v) = 2*v**3 - 4*v**2 + v + 2. Let o be f(b). Calculate the greatest common factor of 20 and o.
4
Suppose -5*g = 5*y + 90, 0 = -g + 3*g + y + 33. Let r be 2 - (30*1 - -1). Let i = g - r. Calculate the highest common divisor of i and 42.
14
Let w(m) = -m**3 + 9*m**2 + 10*m + 3. Let s be w(10). Calculate the greatest common divisor of 9 and s.
3
Let y = -138 - -157. Calculate the greatest common divisor of y and 247.
19
Suppose -4*x + 0*x = -5*u - 18, -2*u - 6 = -x. Calculate the greatest common divisor of 6 and x.
2
Let x(h) = 5*h**3 + h**2 - 2*h + 1. Let i be x(1). Let a = -1 + i. Calculate the highest common factor of 10 and a.
2
Let j(b) = 6*b. Let y be j(2). Let c be 270/y - (-6)/4. What is the greatest common 